f 6598372434?
9
What is the tens digit of 89613023?
2
What is the ten millions digit of 8156929003?
5
What is the thousands digit of 39933590?
3
What is the thousands digit of 217143399?
3
What is the hundred thousands digit of 4578190039?
1
What is the hundred thousands digit of 87233191?
2
What is the ten thousands digit of 10773521?
7
What is the units digit of 51868138?
8
What is the ten millions digit of 134153960?
3
What is the tens digit of 1388005272?
7
What is the millions digit of 3637144?
3
What is the millions digit of 725381793?
5
What is the thousands digit of 48663807?
3
What is the tens digit of 302225749?
4
What is the hundreds digit of 13031631?
6
What is the tens digit of 2402866008?
0
What is the tens digit of 2068384969?
6
What is the thousands digit of 827515069?
5
What is the hundreds digit of 8168378738?
7
What is the billions digit of 1562087397?
1
What is the hundreds digit of 7684590742?
7
What is the millions digit of 1275997580?
5
What is the ten thousands digit of 2326600247?
0
What is the ten millions digit of 1665854641?
6
What is the thousands digit of 3667424397?
4
What is the hundred thousands digit of 555596891?
5
What is the hundred thousands digit of 173448214?
4
What is the hundred thousands digit of 17022237?
0
What is the ten thousands digit of 54541118?
4
What is the tens digit of 181403266?
6
What is the thousands digit of 88403562?
3
What is the thousands digit of 2464280516?
0
What is the hundred millions digit of 562462777?
5
What is the ten millions digit of 679916634?
7
What is the thousands digit of 1753253536?
3
What is the hundreds digit of 1965453773?
7
What is the units digit of 145543915?
5
What is the hundred millions digit of 984188893?
9
What is the billions digit of 3911011449?
3
What is the tens digit of 8022771004?
0
What is the hundred thousands digit of 28396526?
3
What is the units digit of 123665245?
5
What is the hundreds digit of 1182647045?
0
What is the units digit of 426000270?
0
What is the hundred thousands digit of 20592295?
5
What is the ten thousands digit of 69669341?
6
What is the thousands digit of 77466880?
6
What is the hundreds digit of 48175031?
0
What is the units digit of 71118689?
9
What is the hundred thousands digit of 5298599?
2
What is the ten thousands digit of 301035714?
3
What is the thousands digit of 194266726?
6
What is the hundred millions digit of 279484005?
2
What is the hundreds digit of 84822339?
3
What is the tens digit of 66349830?
3
What is the hundred thousands digit of 61756826?
7
What is the units digit of 10639326?
6
What is the hundreds digit of 2201626978?
9
What is the units digit of 1049886987?
7
What is the hundred millions digit of 140396735?
1
What is the hundred thousands digit of 793421275?
4
What is the billions digit of 1375019013?
1
What is the millions digit of 59271715?
9
What is the tens digit of 672578510?
1
What is the hundreds digit of 695502097?
0
What is the hundred thousands digit of 402894331?
8
What is the tens digit of 3656813178?
7
What is the ten millions digit of 50934690?
5
What is the hundred thousands digit of 210402091?
4
What is the thousands digit of 56052191?
2
What is the ten thousands digit of 296311828?
1
What is the hundred thousands digit of 972330248?
3
What is the hundred thousands digit of 3860078928?
0
What is the hundred thousands digit of 2669504879?
5
What is the thousands digit of 519450227?
0
What is the ten millions digit of 293037434?
9
What is the tens digit of 5414241924?
2
What is the tens digit of 39406894?
9
What is the tens digit of 36086767?
6
What is the hundred thousands digit of 1210457233?
4
What is the millions digit of 464278199?
4
What is the ten thousands digit of 15153053?
5
What is the hundred millions digit of 502560365?
5
What is the billions digit of 1144220590?
1
What is the hundred thousands digit of 1696646187?
6
What is the ten millions digit of 264331823?
6
What is the millions digit of 247220104?
7
What is the hundreds digit of 53442486?
4
What is the billions digit of 3991021647?
3
What is the tens digit of 601644934?
3
What is the thousands digit of 716861283?
1
What is the thousands digit of 36815249?
5
What is the ten thousands digit of 1436239383?
3
What is the millions digit of 602828823?
2
What is the tens digit of 2175680042?
4
What is the thousands digit of 79774807?
4
What is the ten millions digit of 178474646?
7
What is the hundred thousands digit of 310038614?
0
What is the hundred thousands digit of 284783548?
7
What is the hundred millions digit of 357428272?
3
What is the ten millions digit of 439207155?
3
What is the ten thousands digit of 525665098?
6
What is the millions digit of 2951743065?
1
What is the thousands digit of 25117468?
7
What is the hundreds digit of 39795502?
5
What is the ten millions digit of 77852948?
7
What is the ten thousands digit of 15191214?
9
What is the hundred thousands digit of 67264515?
2
What is the billions digit of 4766295818?
4
What is the units digit of 612804751?
1
What is the billions digit of 1372320559?
1
What is the hundreds digit of 147024833?
8
What is the thousands digit of 627320250?
0
What is the ten thousands digit of 345297439?
9
What is the thousands digit of 3959536835?
6
What is the units digit of 460695851?
1
What is the ten millions digit of 2862963982?
6
What is the hundred thousands digit of 157037741?
0
What is the units digit of 85100857?
7
What is the hundred millions digit of 149907773?
1
What is the hundreds digit of 428718435?
4
What is the thousands digit of 920601970?
1
What is the units digit of 148614964?
4
What is the hundreds digit of 1491008667?
6
What is the ten thousands digit of 146427546?
2
What is the millions digit of 822713968?
2
What is the hundreds digit of 547955293?
2
What is the units digit of 685595319?
9
What is the millions digit of 59259700?
9
What is the millions digit of 38127843?
8
What is the units digit of 250635596?
6
What is the hundred millions digit of 191563627?
1
What is the tens digit of 4650304?
0
What is the ten millions digit of 557471527?
5
What is the tens digit of 268507282?
8
What is the ten millions digit of 143608101?
4
What is the units digit of 51837190?
0
What is the millions digit of 1651352001?
1
What is the ten millions digit of 40777872?
4
What is the tens digit of 706120263?
6
What is the ten thousands digit of 93101825?
0
What is the hundreds digit of 43298821?
8
What is the hundred thousands digit of 2591933?
5
What is the ten millions digit of 76279673?
7
What is the tens digit of 251077677?
7
What is the hundreds digit of 71481933?
9
What is the hundred thousands digit of 772916887?
9
What is the thousands digit of 146663901?
3
What is the units digit of 116697985?
5
What is the thousands digit of 50018931?
8
What is the ten millions digit of 482747969?
8
What is the millions digit of 420865891?
0
What is the tens digit of 217560389?
8
What is the thousands digit of 1946038779?
8
What is the millions digit of 671474283?
1
What is the millions digit of 7109242981?
9
What is the ten millions digit of 922931837?
2
What is the millions digit of 49457426?
9
What is the millions digit of 889812687?
9
What is the ten millions digit of 95995582?
9
What is the hundred millions digit of 1260031979?
2
What is the hundreds digit of 318629068?
0
What is the units digit of 855228045?
5
What is the tens digit of 1983466211?
1
What is the thousands digit of 2169818103?
8
What is the millions digit of 259436752?
9
What is the ten millions digit of 5426353468?
2
What is the hundred millions digit of 451291888?
4
What is the hundreds digit of 7482238934?
9
What is the thousands digit of 256054347?
4
What is the millions digit of 20738858?
0
What is the hundreds digit of 1311953295?
2
What is the thousands digit of 117868260?
8
What is the thousands digit of 439742221?
2
What is the millions digit of 46388216?
6
What is the tens digit of 126068220?
2
What is the tens digit of 1984727088?
8
What is the hundred millions digit of 352883831?
3
What is the ten millions digit of 279683452?
7
What is the tens digit of 753005456?
5
What is the units digit of 919095011?
1
What is the tens digit of 858168781?
8
What is the hundreds digit of 1750442554?
5
Wh